{"id":262,"date":"2021-10-01T12:01:05","date_gmt":"2021-10-01T12:01:05","guid":{"rendered":"http:\/\/www.rixinger.at\/?page_id=262"},"modified":"2023-03-06T10:19:28","modified_gmt":"2023-03-06T10:19:28","slug":"im-spitzer-graben","status":"publish","type":"page","link":"https:\/\/www.rixinger.at\/?page_id=262","title":{"rendered":"IM SPITZER GRABEN"},"content":{"rendered":"\n<div class=\"wp-block-cover alignfull is-light\" style=\"min-height:650px;aspect-ratio:unset;\"><span aria-hidden=\"true\" class=\"wp-block-cover__background has-background-dim-0 has-background-dim\"><\/span><img loading=\"lazy\" decoding=\"async\" width=\"1900\" height=\"1425\" class=\"wp-block-cover__image-background wp-image-1136\" alt=\"\" src=\"https:\/\/www.rixinger.at\/wp-content\/uploads\/2022\/02\/IMG_4676.jpg\" style=\"object-position:56% 43%\" data-object-fit=\"cover\" data-object-position=\"56% 43%\" srcset=\"https:\/\/www.rixinger.at\/wp-content\/uploads\/2022\/02\/IMG_4676.jpg 1900w, https:\/\/www.rixinger.at\/wp-content\/uploads\/2022\/02\/IMG_4676-300x225.jpg 300w, https:\/\/www.rixinger.at\/wp-content\/uploads\/2022\/02\/IMG_4676-1024x768.jpg 1024w, https:\/\/www.rixinger.at\/wp-content\/uploads\/2022\/02\/IMG_4676-768x576.jpg 768w, https:\/\/www.rixinger.at\/wp-content\/uploads\/2022\/02\/IMG_4676-1600x1200.jpg 1600w, https:\/\/www.rixinger.at\/wp-content\/uploads\/2022\/02\/IMG_4676-1536x1152.jpg 1536w, https:\/\/www.rixinger.at\/wp-content\/uploads\/2022\/02\/IMG_4676-600x450.jpg 600w\" sizes=\"auto, (max-width: 1900px) 100vw, 1900px\" \/><div class=\"wp-block-cover__inner-container is-layout-flow wp-block-cover-is-layout-flow\">\n<p class=\"has-text-align-center has-large-font-size\"><\/p>\n<\/div><\/div>\n\n\n\n<div style=\"height:80px\" aria-hidden=\"true\" class=\"wp-block-spacer\"><\/div>\n\n\n\n<h2 class=\"wp-block-heading\">Im Spitzer Graben<\/h2>\n\n\n\n<p>Nur durch ein paar Meter von der Donauwachau getrennt, ist hier hinten im Graben doch vieles anders. Die Bedingungen sind h\u00e4rter, die Lesen sp\u00e4ter, die Terrassen steiler \u2013 und die Menschen sind zur\u00fcckhaltender, verschlossener, oft ein Spiegel ihrer Weine. Hier wird wenig auf den ersten Blick klar, au\u00dfer dass man es mit den Extremen des Weinbaus zu tun hat.&nbsp;<\/p>\n\n\n\n<p>Der Spitzer Graben beginnt auf 200 Metern H\u00f6he am Ortsausgang von Spitz. Auf sieben Kilometern steigt er bis nach Viessling und Elsarn, seinen abschlie\u00dfenden Weinorten, um weitere 160 Meter an. Zur Linken stets begleitet vom Jauerling, dem 1000 Meter hohen Skiparadies der Flachl\u00e4nder, zur Rechten von den mitunter steilsten Lagen der Wachau, dem Zornberg und dem Kalkofen, der Spitzer Biern und der Bruck.<\/p>\n\n\n\n<figure class=\"wp-block-gallery has-nested-images columns-3 is-cropped wp-block-gallery-1 is-layout-flex wp-block-gallery-is-layout-flex\">\n<figure class=\"wp-block-image size-full\"><a href=\"https:\/\/www.rixinger.at\/wp-content\/uploads\/2022\/02\/IMG_4683.jpg\"><img loading=\"lazy\" decoding=\"async\" width=\"1900\" height=\"1425\" data-id=\"1138\" src=\"https:\/\/www.rixinger.at\/wp-content\/uploads\/2022\/02\/IMG_4683.jpg\" alt=\"\" class=\"wp-image-1138\" srcset=\"https:\/\/www.rixinger.at\/wp-content\/uploads\/2022\/02\/IMG_4683.jpg 1900w, https:\/\/www.rixinger.at\/wp-content\/uploads\/2022\/02\/IMG_4683-300x225.jpg 300w, https:\/\/www.rixinger.at\/wp-content\/uploads\/2022\/02\/IMG_4683-1024x768.jpg 1024w, https:\/\/www.rixinger.at\/wp-content\/uploads\/2022\/02\/IMG_4683-768x576.jpg 768w, https:\/\/www.rixinger.at\/wp-content\/uploads\/2022\/02\/IMG_4683-1600x1200.jpg 1600w, https:\/\/www.rixinger.at\/wp-content\/uploads\/2022\/02\/IMG_4683-1536x1152.jpg 1536w, https:\/\/www.rixinger.at\/wp-content\/uploads\/2022\/02\/IMG_4683-600x450.jpg 600w\" sizes=\"auto, (max-width: 1900px) 100vw, 1900px\" \/><\/a><\/figure>\n\n\n\n<figure class=\"wp-block-image size-full\"><a href=\"https:\/\/www.rixinger.at\/wp-content\/uploads\/2021\/10\/DJI_0092-Gross.jpg\"><img loading=\"lazy\" decoding=\"async\" width=\"1900\" height=\"1067\" data-id=\"752\" src=\"https:\/\/www.rixinger.at\/wp-content\/uploads\/2021\/10\/DJI_0092-Gross.jpg\" alt=\"\" class=\"wp-image-752\" srcset=\"https:\/\/www.rixinger.at\/wp-content\/uploads\/2021\/10\/DJI_0092-Gross.jpg 1900w, https:\/\/www.rixinger.at\/wp-content\/uploads\/2021\/10\/DJI_0092-Gross-300x168.jpg 300w, https:\/\/www.rixinger.at\/wp-content\/uploads\/2021\/10\/DJI_0092-Gross-1024x575.jpg 1024w, https:\/\/www.rixinger.at\/wp-content\/uploads\/2021\/10\/DJI_0092-Gross-768x431.jpg 768w, https:\/\/www.rixinger.at\/wp-content\/uploads\/2021\/10\/DJI_0092-Gross-1536x863.jpg 1536w\" sizes=\"auto, (max-width: 1900px) 100vw, 1900px\" \/><\/a><\/figure>\n\n\n\n<figure class=\"wp-block-image size-full\"><a href=\"https:\/\/www.rixinger.at\/wp-content\/uploads\/2021\/10\/DJI_0085.jpg\"><img loading=\"lazy\" decoding=\"async\" width=\"1900\" height=\"1067\" data-id=\"743\" src=\"https:\/\/www.rixinger.at\/wp-content\/uploads\/2021\/10\/DJI_0085.jpg\" alt=\"\" class=\"wp-image-743\" srcset=\"https:\/\/www.rixinger.at\/wp-content\/uploads\/2021\/10\/DJI_0085.jpg 1900w, https:\/\/www.rixinger.at\/wp-content\/uploads\/2021\/10\/DJI_0085-300x168.jpg 300w, https:\/\/www.rixinger.at\/wp-content\/uploads\/2021\/10\/DJI_0085-1024x575.jpg 1024w, https:\/\/www.rixinger.at\/wp-content\/uploads\/2021\/10\/DJI_0085-768x431.jpg 768w, https:\/\/www.rixinger.at\/wp-content\/uploads\/2021\/10\/DJI_0085-1536x863.jpg 1536w\" sizes=\"auto, (max-width: 1900px) 100vw, 1900px\" \/><\/a><\/figure>\n\n\n\n<figure class=\"wp-block-image size-full\"><a href=\"https:\/\/www.rixinger.at\/wp-content\/uploads\/2021\/10\/DJI_0081.jpg\"><img loading=\"lazy\" decoding=\"async\" width=\"1900\" height=\"1067\" data-id=\"738\" src=\"https:\/\/www.rixinger.at\/wp-content\/uploads\/2021\/10\/DJI_0081.jpg\" alt=\"\" class=\"wp-image-738\" srcset=\"https:\/\/www.rixinger.at\/wp-content\/uploads\/2021\/10\/DJI_0081.jpg 1900w, https:\/\/www.rixinger.at\/wp-content\/uploads\/2021\/10\/DJI_0081-300x168.jpg 300w, https:\/\/www.rixinger.at\/wp-content\/uploads\/2021\/10\/DJI_0081-1024x575.jpg 1024w, https:\/\/www.rixinger.at\/wp-content\/uploads\/2021\/10\/DJI_0081-768x431.jpg 768w, https:\/\/www.rixinger.at\/wp-content\/uploads\/2021\/10\/DJI_0081-1536x863.jpg 1536w\" sizes=\"auto, (max-width: 1900px) 100vw, 1900px\" \/><\/a><\/figure>\n\n\n\n<figure class=\"wp-block-image size-full\"><a href=\"https:\/\/www.rixinger.at\/wp-content\/uploads\/2021\/10\/DJI_0072-Gross.jpg\"><img loading=\"lazy\" decoding=\"async\" width=\"1900\" height=\"1067\" data-id=\"722\" src=\"https:\/\/www.rixinger.at\/wp-content\/uploads\/2021\/10\/DJI_0072-Gross.jpg\" alt=\"\" class=\"wp-image-722\" srcset=\"https:\/\/www.rixinger.at\/wp-content\/uploads\/2021\/10\/DJI_0072-Gross.jpg 1900w, https:\/\/www.rixinger.at\/wp-content\/uploads\/2021\/10\/DJI_0072-Gross-300x168.jpg 300w, https:\/\/www.rixinger.at\/wp-content\/uploads\/2021\/10\/DJI_0072-Gross-1024x575.jpg 1024w, https:\/\/www.rixinger.at\/wp-content\/uploads\/2021\/10\/DJI_0072-Gross-768x431.jpg 768w, https:\/\/www.rixinger.at\/wp-content\/uploads\/2021\/10\/DJI_0072-Gross-1536x863.jpg 1536w\" sizes=\"auto, (max-width: 1900px) 100vw, 1900px\" \/><\/a><\/figure>\n\n\n\n<figure class=\"wp-block-image size-full\"><a href=\"https:\/\/www.rixinger.at\/wp-content\/uploads\/2021\/10\/DJI_0067-Gross.jpg\"><img loading=\"lazy\" decoding=\"async\" width=\"1900\" height=\"1067\" data-id=\"716\" src=\"https:\/\/www.rixinger.at\/wp-content\/uploads\/2021\/10\/DJI_0067-Gross.jpg\" alt=\"\" class=\"wp-image-716\" srcset=\"https:\/\/www.rixinger.at\/wp-content\/uploads\/2021\/10\/DJI_0067-Gross.jpg 1900w, https:\/\/www.rixinger.at\/wp-content\/uploads\/2021\/10\/DJI_0067-Gross-300x168.jpg 300w, https:\/\/www.rixinger.at\/wp-content\/uploads\/2021\/10\/DJI_0067-Gross-1024x575.jpg 1024w, https:\/\/www.rixinger.at\/wp-content\/uploads\/2021\/10\/DJI_0067-Gross-768x431.jpg 768w, https:\/\/www.rixinger.at\/wp-content\/uploads\/2021\/10\/DJI_0067-Gross-1536x863.jpg 1536w\" sizes=\"auto, (max-width: 1900px) 100vw, 1900px\" \/><\/a><\/figure>\n\n\n\n<figure class=\"wp-block-image size-full\"><a href=\"https:\/\/www.rixinger.at\/wp-content\/uploads\/2021\/10\/DJI_0044.jpg\"><img loading=\"lazy\" decoding=\"async\" width=\"1900\" height=\"1067\" data-id=\"699\" src=\"https:\/\/www.rixinger.at\/wp-content\/uploads\/2021\/10\/DJI_0044.jpg\" alt=\"\" class=\"wp-image-699\" srcset=\"https:\/\/www.rixinger.at\/wp-content\/uploads\/2021\/10\/DJI_0044.jpg 1900w, https:\/\/www.rixinger.at\/wp-content\/uploads\/2021\/10\/DJI_0044-300x168.jpg 300w, https:\/\/www.rixinger.at\/wp-content\/uploads\/2021\/10\/DJI_0044-1024x575.jpg 1024w, https:\/\/www.rixinger.at\/wp-content\/uploads\/2021\/10\/DJI_0044-768x431.jpg 768w, https:\/\/www.rixinger.at\/wp-content\/uploads\/2021\/10\/DJI_0044-1536x863.jpg 1536w\" sizes=\"auto, (max-width: 1900px) 100vw, 1900px\" \/><\/a><\/figure>\n\n\n\n<figure class=\"wp-block-image size-full\"><a href=\"https:\/\/www.rixinger.at\/wp-content\/uploads\/2021\/10\/DJI_0055-Gross.jpg\"><img loading=\"lazy\" decoding=\"async\" width=\"1900\" height=\"1067\" data-id=\"705\" src=\"https:\/\/www.rixinger.at\/wp-content\/uploads\/2021\/10\/DJI_0055-Gross.jpg\" alt=\"\" class=\"wp-image-705\" srcset=\"https:\/\/www.rixinger.at\/wp-content\/uploads\/2021\/10\/DJI_0055-Gross.jpg 1900w, https:\/\/www.rixinger.at\/wp-content\/uploads\/2021\/10\/DJI_0055-Gross-300x168.jpg 300w, https:\/\/www.rixinger.at\/wp-content\/uploads\/2021\/10\/DJI_0055-Gross-1024x575.jpg 1024w, https:\/\/www.rixinger.at\/wp-content\/uploads\/2021\/10\/DJI_0055-Gross-768x431.jpg 768w, https:\/\/www.rixinger.at\/wp-content\/uploads\/2021\/10\/DJI_0055-Gross-1536x863.jpg 1536w\" sizes=\"auto, (max-width: 1900px) 100vw, 1900px\" \/><\/a><\/figure>\n\n\n\n<figure class=\"wp-block-image size-full\"><a href=\"https:\/\/www.rixinger.at\/wp-content\/uploads\/2021\/10\/DJI_0041-Gross.jpg\"><img loading=\"lazy\" decoding=\"async\" width=\"1900\" height=\"1067\" data-id=\"693\" src=\"https:\/\/www.rixinger.at\/wp-content\/uploads\/2021\/10\/DJI_0041-Gross.jpg\" alt=\"\" class=\"wp-image-693\" srcset=\"https:\/\/www.rixinger.at\/wp-content\/uploads\/2021\/10\/DJI_0041-Gross.jpg 1900w, https:\/\/www.rixinger.at\/wp-content\/uploads\/2021\/10\/DJI_0041-Gross-300x168.jpg 300w, https:\/\/www.rixinger.at\/wp-content\/uploads\/2021\/10\/DJI_0041-Gross-1024x575.jpg 1024w, https:\/\/www.rixinger.at\/wp-content\/uploads\/2021\/10\/DJI_0041-Gross-768x431.jpg 768w, https:\/\/www.rixinger.at\/wp-content\/uploads\/2021\/10\/DJI_0041-Gross-1536x863.jpg 1536w\" sizes=\"auto, (max-width: 1900px) 100vw, 1900px\" \/><\/a><\/figure>\n\n\n\n<figure class=\"wp-block-image size-full\"><a href=\"https:\/\/www.rixinger.at\/wp-content\/uploads\/2022\/04\/Ried_1000-Eimerberg_c_herbst-0895.jpg\"><img loading=\"lazy\" decoding=\"async\" width=\"1900\" height=\"1424\" data-id=\"1269\" src=\"https:\/\/www.rixinger.at\/wp-content\/uploads\/2022\/04\/Ried_1000-Eimerberg_c_herbst-0895.jpg\" alt=\"\" class=\"wp-image-1269\" srcset=\"https:\/\/www.rixinger.at\/wp-content\/uploads\/2022\/04\/Ried_1000-Eimerberg_c_herbst-0895.jpg 1900w, https:\/\/www.rixinger.at\/wp-content\/uploads\/2022\/04\/Ried_1000-Eimerberg_c_herbst-0895-700x525.jpg 700w, https:\/\/www.rixinger.at\/wp-content\/uploads\/2022\/04\/Ried_1000-Eimerberg_c_herbst-0895-1024x767.jpg 1024w, https:\/\/www.rixinger.at\/wp-content\/uploads\/2022\/04\/Ried_1000-Eimerberg_c_herbst-0895-768x576.jpg 768w, https:\/\/www.rixinger.at\/wp-content\/uploads\/2022\/04\/Ried_1000-Eimerberg_c_herbst-0895-1600x1199.jpg 1600w, https:\/\/www.rixinger.at\/wp-content\/uploads\/2022\/04\/Ried_1000-Eimerberg_c_herbst-0895-1536x1151.jpg 1536w, https:\/\/www.rixinger.at\/wp-content\/uploads\/2022\/04\/Ried_1000-Eimerberg_c_herbst-0895-300x225.jpg 300w, https:\/\/www.rixinger.at\/wp-content\/uploads\/2022\/04\/Ried_1000-Eimerberg_c_herbst-0895-600x450.jpg 600w\" sizes=\"auto, (max-width: 1900px) 100vw, 1900px\" \/><\/a><\/figure>\n\n\n\n<figure class=\"wp-block-image size-full\"><a href=\"https:\/\/www.rixinger.at\/wp-content\/uploads\/2021\/10\/DJI_0033-Gross.jpg\"><img loading=\"lazy\" decoding=\"async\" width=\"1900\" height=\"1067\" data-id=\"679\" src=\"https:\/\/www.rixinger.at\/wp-content\/uploads\/2021\/10\/DJI_0033-Gross.jpg\" alt=\"\" class=\"wp-image-679\" srcset=\"https:\/\/www.rixinger.at\/wp-content\/uploads\/2021\/10\/DJI_0033-Gross.jpg 1900w, https:\/\/www.rixinger.at\/wp-content\/uploads\/2021\/10\/DJI_0033-Gross-300x168.jpg 300w, https:\/\/www.rixinger.at\/wp-content\/uploads\/2021\/10\/DJI_0033-Gross-1024x575.jpg 1024w, https:\/\/www.rixinger.at\/wp-content\/uploads\/2021\/10\/DJI_0033-Gross-768x431.jpg 768w, https:\/\/www.rixinger.at\/wp-content\/uploads\/2021\/10\/DJI_0033-Gross-1536x863.jpg 1536w\" sizes=\"auto, (max-width: 1900px) 100vw, 1900px\" \/><\/a><\/figure>\n\n\n\n<figure class=\"wp-block-image size-full\"><a href=\"https:\/\/www.rixinger.at\/wp-content\/uploads\/2021\/10\/DJI_0026.jpg\"><img loading=\"lazy\" decoding=\"async\" width=\"1900\" height=\"1067\" data-id=\"666\" src=\"https:\/\/www.rixinger.at\/wp-content\/uploads\/2021\/10\/DJI_0026.jpg\" alt=\"\" class=\"wp-image-666\" srcset=\"https:\/\/www.rixinger.at\/wp-content\/uploads\/2021\/10\/DJI_0026.jpg 1900w, https:\/\/www.rixinger.at\/wp-content\/uploads\/2021\/10\/DJI_0026-300x168.jpg 300w, https:\/\/www.rixinger.at\/wp-content\/uploads\/2021\/10\/DJI_0026-1024x575.jpg 1024w, https:\/\/www.rixinger.at\/wp-content\/uploads\/2021\/10\/DJI_0026-768x431.jpg 768w, https:\/\/www.rixinger.at\/wp-content\/uploads\/2021\/10\/DJI_0026-1536x863.jpg 1536w\" sizes=\"auto, (max-width: 1900px) 100vw, 1900px\" \/><\/a><\/figure>\n\n\n\n<figure class=\"wp-block-image size-full\"><a href=\"https:\/\/www.rixinger.at\/wp-content\/uploads\/2021\/10\/DJI_0027-Gross.jpg\"><img loading=\"lazy\" decoding=\"async\" width=\"1900\" height=\"1067\" data-id=\"667\" src=\"https:\/\/www.rixinger.at\/wp-content\/uploads\/2021\/10\/DJI_0027-Gross.jpg\" alt=\"\" class=\"wp-image-667\" srcset=\"https:\/\/www.rixinger.at\/wp-content\/uploads\/2021\/10\/DJI_0027-Gross.jpg 1900w, https:\/\/www.rixinger.at\/wp-content\/uploads\/2021\/10\/DJI_0027-Gross-300x168.jpg 300w, https:\/\/www.rixinger.at\/wp-content\/uploads\/2021\/10\/DJI_0027-Gross-1024x575.jpg 1024w, https:\/\/www.rixinger.at\/wp-content\/uploads\/2021\/10\/DJI_0027-Gross-768x431.jpg 768w, https:\/\/www.rixinger.at\/wp-content\/uploads\/2021\/10\/DJI_0027-Gross-1536x863.jpg 1536w\" sizes=\"auto, (max-width: 1900px) 100vw, 1900px\" \/><\/a><\/figure>\n<\/figure>\n\n\n\n<h2 class=\"wp-block-heading\"><strong>Geologie<\/strong><\/h2>\n\n\n\n<p>Die B\u00f6den sind karg und steinig. Die Humusauflage ist d\u00fcnn, speziell in den h\u00f6heren, windigeren Lagen. In den etwas tieferen Schichten geben Orthogneise den Ton an. Sie sind sandig, erw\u00e4rmen sich leicht und garantieren einen guten Wasserabzug. An manchen Stellen finden sich aber auch Marmor, Paragneise und damit einhergehend Amphibolite und gelegentlich glimmert an der Oberfl\u00e4che etwas Schiefer.<\/p>\n\n\n\n<h2 class=\"wp-block-heading\"><strong>Klima<\/strong><\/h2>\n\n\n\n<p>Das Klima ist auch bei uns \u00fcber die vergangenen Jahre sp\u00fcrbar w\u00e4rmer geworden, dennoch bleiben die Temperaturen niedriger als in der \u00fcbrigen Wachau. Wesentliche Klimafaktoren sind k\u00fchle Luftstr\u00f6me vom Jauerling und aus dem n\u00f6rdlichen Waldviertel. Zudem wird die Stilistik der Weine durch den kontinuierlich durch den Graben pfeifenden Wind und die eminenten Tag-Nacht-Unterschiede speziell zu Lesezeit gepr\u00e4gt.<\/p>\n\n\n\n<div style=\"height:100px\" aria-hidden=\"true\" class=\"wp-block-spacer\"><\/div>\n","protected":false},"excerpt":{"rendered":"<p>Im Spitzer Graben Nur durch ein paar Meter von der Donauwachau getrennt, ist hier hinten im Graben doch vieles anders. Die Bedingungen sind h\u00e4rter, die Lesen sp\u00e4ter, die Terrassen steiler \u2013 und die Menschen sind zur\u00fcckhaltender, verschlossener, oft ein Spiegel ihrer Weine. Hier wird wenig auf den ersten Blick klar, au\u00dfer dass man es mit [&hellip;]<\/p>\n","protected":false},"author":1,"featured_media":0,"parent":0,"menu_order":0,"comment_status":"closed","ping_status":"closed","template":"","meta":{"_uag_custom_page_level_css":"","site-sidebar-layout":"default","site-content-layout":"plain-container","ast-site-content-layout":"default","site-content-style":"default","site-sidebar-style":"default","ast-global-header-display":"","ast-banner-title-visibility":"","ast-main-header-display":"","ast-hfb-above-header-display":"","ast-hfb-below-header-display":"","ast-hfb-mobile-header-display":"","site-post-title":"disabled","ast-breadcrumbs-content":"","ast-featured-img":"","footer-sml-layout":"","ast-disable-related-posts":"","theme-transparent-header-meta":"default","adv-header-id-meta":"","stick-header-meta":"","header-above-stick-meta":"","header-main-stick-meta":"","header-below-stick-meta":"","astra-migrate-meta-layouts":"default","ast-page-background-enabled":"default","ast-page-background-meta":{"desktop":{"background-color":"var(--ast-global-color-4)","background-image":"","background-repeat":"repeat","background-position":"center center","background-size":"auto","background-attachment":"scroll","background-type":"","background-media":"","overlay-type":"","overlay-color":"","overlay-opacity":"","overlay-gradient":""},"tablet":{"background-color":"","background-image":"","background-repeat":"repeat","background-position":"center center","background-size":"auto","background-attachment":"scroll","background-type":"","background-media":"","overlay-type":"","overlay-color":"","overlay-opacity":"","overlay-gradient":""},"mobile":{"background-color":"","background-image":"","background-repeat":"repeat","background-position":"center center","background-size":"auto","background-attachment":"scroll","background-type":"","background-media":"","overlay-type":"","overlay-color":"","overlay-opacity":"","overlay-gradient":""}},"ast-content-background-meta":{"desktop":{"background-color":"var(--ast-global-color-5)","background-image":"","background-repeat":"repeat","background-position":"center center","background-size":"auto","background-attachment":"scroll","background-type":"","background-media":"","overlay-type":"","overlay-color":"","overlay-opacity":"","overlay-gradient":""},"tablet":{"background-color":"var(--ast-global-color-5)","background-image":"","background-repeat":"repeat","background-position":"center center","background-size":"auto","background-attachment":"scroll","background-type":"","background-media":"","overlay-type":"","overlay-color":"","overlay-opacity":"","overlay-gradient":""},"mobile":{"background-color":"var(--ast-global-color-5)","background-image":"","background-repeat":"repeat","background-position":"center center","background-size":"auto","background-attachment":"scroll","background-type":"","background-media":"","overlay-type":"","overlay-color":"","overlay-opacity":"","overlay-gradient":""}},"footnotes":""},"class_list":["post-262","page","type-page","status-publish","hentry"],"uagb_featured_image_src":{"full":false,"thumbnail":false,"medium":false,"medium_large":false,"large":false,"gs-tiny":false,"xl":false,"xxl":false,"xxxl":false,"xxxxl":false,"xxxxxl":false,"1536x1536":false,"2048x2048":false,"ultp_layout_landscape_large":false,"ultp_layout_landscape":false,"ultp_layout_portrait":false,"ultp_layout_square":false,"woocommerce_thumbnail":false,"woocommerce_single":false,"woocommerce_gallery_thumbnail":false},"uagb_author_info":{"display_name":"krems_o3222nsc","author_link":"https:\/\/www.rixinger.at\/?author=1"},"uagb_comment_info":0,"uagb_excerpt":"Im Spitzer Graben Nur durch ein paar Meter von der Donauwachau getrennt, ist hier hinten im Graben doch vieles anders. Die Bedingungen sind h\u00e4rter, die Lesen sp\u00e4ter, die Terrassen steiler \u2013 und die Menschen sind zur\u00fcckhaltender, verschlossener, oft ein Spiegel ihrer Weine. Hier wird wenig auf den ersten Blick klar, au\u00dfer dass man es mit&hellip;","_links":{"self":[{"href":"https:\/\/www.rixinger.at\/index.php?rest_route=\/wp\/v2\/pages\/262","targetHints":{"allow":["GET"]}}],"collection":[{"href":"https:\/\/www.rixinger.at\/index.php?rest_route=\/wp\/v2\/pages"}],"about":[{"href":"https:\/\/www.rixinger.at\/index.php?rest_route=\/wp\/v2\/types\/page"}],"author":[{"embeddable":true,"href":"https:\/\/www.rixinger.at\/index.php?rest_route=\/wp\/v2\/users\/1"}],"replies":[{"embeddable":true,"href":"https:\/\/www.rixinger.at\/index.php?rest_route=%2Fwp%2Fv2%2Fcomments&post=262"}],"version-history":[{"count":21,"href":"https:\/\/www.rixinger.at\/index.php?rest_route=\/wp\/v2\/pages\/262\/revisions"}],"predecessor-version":[{"id":1774,"href":"https:\/\/www.rixinger.at\/index.php?rest_route=\/wp\/v2\/pages\/262\/revisions\/1774"}],"wp:attachment":[{"href":"https:\/\/www.rixinger.at\/index.php?rest_route=%2Fwp%2Fv2%2Fmedia&parent=262"}],"curies":[{"name":"wp","href":"https:\/\/api.w.org\/{rel}","templated":true}]}}