{"id":269,"date":"2021-10-01T12:04:31","date_gmt":"2021-10-01T12:04:31","guid":{"rendered":"http:\/\/www.rixinger.at\/?page_id=269"},"modified":"2022-02-28T13:50:27","modified_gmt":"2022-02-28T13:50:27","slug":"steinterrassen","status":"publish","type":"page","link":"https:\/\/www.rixinger.at\/?page_id=269","title":{"rendered":"Steinterrassen"},"content":{"rendered":"\n<div class=\"wp-block-cover alignfull\" style=\"min-height:650px;aspect-ratio:unset;\"><img loading=\"lazy\" decoding=\"async\" width=\"1500\" height=\"692\" class=\"wp-block-cover__image-background wp-image-114\" alt=\"\" src=\"https:\/\/www.rixinger.at\/wp-content\/uploads\/2021\/08\/RixingerFriedrich_026.jpg\" style=\"object-position:35% 30%\" data-object-fit=\"cover\" data-object-position=\"35% 30%\" srcset=\"https:\/\/www.rixinger.at\/wp-content\/uploads\/2021\/08\/RixingerFriedrich_026.jpg 1500w, https:\/\/www.rixinger.at\/wp-content\/uploads\/2021\/08\/RixingerFriedrich_026-300x138.jpg 300w, https:\/\/www.rixinger.at\/wp-content\/uploads\/2021\/08\/RixingerFriedrich_026-1024x472.jpg 1024w, https:\/\/www.rixinger.at\/wp-content\/uploads\/2021\/08\/RixingerFriedrich_026-768x354.jpg 768w\" sizes=\"auto, (max-width: 1500px) 100vw, 1500px\" \/><div class=\"wp-block-cover__inner-container is-layout-flow wp-block-cover-is-layout-flow\">\n<p><\/p>\n<\/div><\/div>\n\n\n\n<div style=\"height:80px\" aria-hidden=\"true\" class=\"wp-block-spacer\"><\/div>\n\n\n\n<h1 class=\"wp-block-heading\"><strong>Steinterrassen<\/strong><\/h1>\n\n\n\n<p>Ohne Trockensteinmauern w\u00e4ren unsere Weine nicht das, was sie sind und die Wachau w\u00e4re eine Landschaft unter vielen. Zwei Millionen Quadratmeter Mauerwerk wurde \u00fcber unz\u00e4hlige Generationen quer durch die Wachau angelegt. Diese Mauern zu bauen und zu pflegen war ein m\u00fchsames, kraftraubendes und anspruchsvolles Unterfangen. <\/p>\n\n\n\n<p>Es verwundert also nicht, dass die teils mittelalterlichen Steinterrassen in Zeiten wirtschaftlichen Abschwungs immer wieder aufgelassen wurden, einst\u00fcrzten und verfielen. Noch heute stehen wir jedes Jahr wochenlang in den Weinbergen und restaurieren.<\/p>\n\n\n\n<p>W\u00fcrden wir das nicht tun, w\u00fcrde aus der Kulturlandschaft Wachau ein schnell um sich greifender Wald werden, Gras \u00fcber die Steine wuchern, V\u00f6gel in den Str\u00e4uchern nisten und Rehe die Trauben fressen.<\/p>\n\n\n\n<div style=\"height:80px\" aria-hidden=\"true\" class=\"wp-block-spacer\"><\/div>\n","protected":false},"excerpt":{"rendered":"<p>Steinterrassen Ohne Trockensteinmauern w\u00e4ren unsere Weine nicht das, was sie sind und die Wachau w\u00e4re eine Landschaft unter vielen. Zwei Millionen Quadratmeter Mauerwerk wurde \u00fcber unz\u00e4hlige Generationen quer durch die Wachau angelegt. Diese Mauern zu bauen und zu pflegen war ein m\u00fchsames, kraftraubendes und anspruchsvolles Unterfangen. Es verwundert also nicht, dass die teils mittelalterlichen Steinterrassen [&hellip;]<\/p>\n","protected":false},"author":1,"featured_media":0,"parent":65,"menu_order":0,"comment_status":"closed","ping_status":"closed","template":"","meta":{"_uag_custom_page_level_css":"","site-sidebar-layout":"default","site-content-layout":"default","ast-site-content-layout":"default","site-content-style":"default","site-sidebar-style":"default","ast-global-header-display":"","ast-banner-title-visibility":"","ast-main-header-display":"","ast-hfb-above-header-display":"","ast-hfb-below-header-display":"","ast-hfb-mobile-header-display":"","site-post-title":"disabled","ast-breadcrumbs-content":"","ast-featured-img":"","footer-sml-layout":"","ast-disable-related-posts":"","theme-transparent-header-meta":"default","adv-header-id-meta":"","stick-header-meta":"","header-above-stick-meta":"","header-main-stick-meta":"","header-below-stick-meta":"","astra-migrate-meta-layouts":"default","ast-page-background-enabled":"default","ast-page-background-meta":{"desktop":{"background-color":"var(--ast-global-color-4)","background-image":"","background-repeat":"repeat","background-position":"center center","background-size":"auto","background-attachment":"scroll","background-type":"","background-media":"","overlay-type":"","overlay-color":"","overlay-opacity":"","overlay-gradient":""},"tablet":{"background-color":"","background-image":"","background-repeat":"repeat","background-position":"center center","background-size":"auto","background-attachment":"scroll","background-type":"","background-media":"","overlay-type":"","overlay-color":"","overlay-opacity":"","overlay-gradient":""},"mobile":{"background-color":"","background-image":"","background-repeat":"repeat","background-position":"center center","background-size":"auto","background-attachment":"scroll","background-type":"","background-media":"","overlay-type":"","overlay-color":"","overlay-opacity":"","overlay-gradient":""}},"ast-content-background-meta":{"desktop":{"background-color":"var(--ast-global-color-5)","background-image":"","background-repeat":"repeat","background-position":"center center","background-size":"auto","background-attachment":"scroll","background-type":"","background-media":"","overlay-type":"","overlay-color":"","overlay-opacity":"","overlay-gradient":""},"tablet":{"background-color":"var(--ast-global-color-5)","background-image":"","background-repeat":"repeat","background-position":"center center","background-size":"auto","background-attachment":"scroll","background-type":"","background-media":"","overlay-type":"","overlay-color":"","overlay-opacity":"","overlay-gradient":""},"mobile":{"background-color":"var(--ast-global-color-5)","background-image":"","background-repeat":"repeat","background-position":"center center","background-size":"auto","background-attachment":"scroll","background-type":"","background-media":"","overlay-type":"","overlay-color":"","overlay-opacity":"","overlay-gradient":""}},"footnotes":""},"class_list":["post-269","page","type-page","status-publish","hentry"],"uagb_featured_image_src":{"full":false,"thumbnail":false,"medium":false,"medium_large":false,"large":false,"gs-tiny":false,"xl":false,"xxl":false,"xxxl":false,"xxxxl":false,"xxxxxl":false,"1536x1536":false,"2048x2048":false,"ultp_layout_landscape_large":false,"ultp_layout_landscape":false,"ultp_layout_portrait":false,"ultp_layout_square":false,"woocommerce_thumbnail":false,"woocommerce_single":false,"woocommerce_gallery_thumbnail":false},"uagb_author_info":{"display_name":"krems_o3222nsc","author_link":"https:\/\/www.rixinger.at\/?author=1"},"uagb_comment_info":0,"uagb_excerpt":"Steinterrassen Ohne Trockensteinmauern w\u00e4ren unsere Weine nicht das, was sie sind und die Wachau w\u00e4re eine Landschaft unter vielen. Zwei Millionen Quadratmeter Mauerwerk wurde \u00fcber unz\u00e4hlige Generationen quer durch die Wachau angelegt. Diese Mauern zu bauen und zu pflegen war ein m\u00fchsames, kraftraubendes und anspruchsvolles Unterfangen. Es verwundert also nicht, dass die teils mittelalterlichen Steinterrassen&hellip;","_links":{"self":[{"href":"https:\/\/www.rixinger.at\/index.php?rest_route=\/wp\/v2\/pages\/269","targetHints":{"allow":["GET"]}}],"collection":[{"href":"https:\/\/www.rixinger.at\/index.php?rest_route=\/wp\/v2\/pages"}],"about":[{"href":"https:\/\/www.rixinger.at\/index.php?rest_route=\/wp\/v2\/types\/page"}],"author":[{"embeddable":true,"href":"https:\/\/www.rixinger.at\/index.php?rest_route=\/wp\/v2\/users\/1"}],"replies":[{"embeddable":true,"href":"https:\/\/www.rixinger.at\/index.php?rest_route=%2Fwp%2Fv2%2Fcomments&post=269"}],"version-history":[{"count":3,"href":"https:\/\/www.rixinger.at\/index.php?rest_route=\/wp\/v2\/pages\/269\/revisions"}],"predecessor-version":[{"id":1189,"href":"https:\/\/www.rixinger.at\/index.php?rest_route=\/wp\/v2\/pages\/269\/revisions\/1189"}],"up":[{"embeddable":true,"href":"https:\/\/www.rixinger.at\/index.php?rest_route=\/wp\/v2\/pages\/65"}],"wp:attachment":[{"href":"https:\/\/www.rixinger.at\/index.php?rest_route=%2Fwp%2Fv2%2Fmedia&parent=269"}],"curies":[{"name":"wp","href":"https:\/\/api.w.org\/{rel}","templated":true}]}}